when a(4) is divided by (-18)/12*v/9?
6
Suppose n + 3*n - 1072 = 0. Suppose -5*b - 18 = -n. Suppose b = -0*z + 5*z. Calculate the remainder when 28 is divided by z.
8
Suppose 0*x - x + 15 = -3*k, -5*k = x - 15. Suppose 1 - 17 = -4*n. Let l(w) = -w**3 + 6*w**2 - w. Calculate the remainder when l(n) is divided by x.
13
Let u(f) = f**2 - 9*f - 4. Let v be u(9). Calculate the remainder when -2*2/(v/25) is divided by 14.
11
Let m(a) = -3*a**2 - 2*a - 13. Let w(x) = -x**2 - x. Let b(d) = -m(d) + 2*w(d). What is the remainder when (190/(-15))/(1/(-3)) is divided by b(0)?
12
Let u(c) = -10*c**2 - 12 + 15*c + 9*c**2 - 6. Calculate the remainder when u(12) is divided by 4.
2
Suppose -2*x - 16 + 28 = 0. What is the remainder when 28 is divided by x?
4
Suppose 5*o = 45 + 105. Suppose -j + 2*f + 17 = 0, -j - j = -5*f - o. What is the remainder when j is divided by 7?
4
Let z(i) = 17*i**2 - i. Let c(s) = -s - 4. Let o be c(-6). Suppose 0*p + 18 = o*p. Calculate the remainder when z(1) is divided by p.
7
Suppose c - 6*c = -5*x - 50, -5*c = 2*x - 50. Calculate the remainder when 26 is divided by c.
6
Suppose 3*o + o - 108 = 0. What is the remainder when 104 is divided by o?
23
Let n = 50 + -20. Suppose -2*l - 5*s - 33 = -3*l, -l + n = -4*s. Calculate the remainder when 526/l + 4/(-18) is divided by 10.
9
Suppose -5*c + 73 = 2*i, 5*c - 4*i - 33 - 16 = 0. What is the remainder when 37 is divided by c?
11
Suppose -3*i = 5*r - 2*i - 13, -3*i + 19 = 5*r. Let g = -4 - -9. Suppose 33 = g*f + 13. Calculate the remainder when f is divided by r.
0
Suppose -3*j + 79 = 22. What is the remainder when 93 is divided by j?
17
Suppose 15 + 6 = 3*m + 4*t, 3*t - 9 = 0. Suppose 2*q = 5*a + 35, q - m*q + 17 = a. Calculate the remainder when 58 is divided by q.
8
Let j(u) = -6*u - 3. Suppose -2*b + 4*h - 10 = -b, -5*b + h - 12 = 0. What is the remainder when 15 is divided by j(b)?
6
What is the remainder when -39*((-3)/(-4))/((-1)/4) is divided by 20?
17
Suppose 24 - 294 = -5*n. What is the remainder when n is divided by 11?
10
Let u(p) = 3*p**2 - p + 6. Calculate the remainder when 107 is divided by u(-3).
35
Let n be (-36)/(-15)*(-20)/6. Let q = 50 + n. Calculate the remainder when q is divided by 15.
12
Let q = -61 + 94. Let f(r) = r**2 + 2*r + 4. What is the remainder when q is divided by f(-4)?
9
Let a(c) = -17*c + 1. Let w be a(-2). Let i = -17 + w. Let l(x) = x**3 - 4*x**2 + 3*x - 5. What is the remainder when i is divided by l(4)?
4
Suppose 3*j - 28 = j. Let z = 16 - 10. Suppose -z*k + 104 = -2*k. Calculate the remainder when k is divided by j.
12
Suppose s = -2*b + 52, -3*b - 2*s - 3*s = -92. What is the remainder when 47 is divided by b?
23
Suppose 0 = 2*x, 5*p - 3*x = 10 + 135. Suppose 0*s = -s + 30. Calculate the remainder when p is divided by (s/4)/(4/8).
14
Suppose 3*t - 2 = -4*d, -2*t = -6*t - 8. Suppose 4 = -o + 4*n, -3 = d*o - 2*n - 1. Suppose -4*c + 137 - 45 = o. Calculate the remainder when c is divided by 12.
11
Let w = -6 + 16. What is the remainder when 47 is divided by w?
7
Let f(x) = 3*x - 16. Let c be f(11). Suppose 0 = -4*h + c - 5. Calculate the remainder when 38 is divided by h/1*26/6.
12
Let c(h) = h**2 - h + 4. What is the remainder when c(-5) is divided by 18?
16
Let v(h) = 3*h**3 + 2*h**2 - 1. Let o be v(1). Suppose -o*a = 41 - 293. What is the remainder when a is divided by 22?
19
Let d(t) = 80*t - 6. Calculate the remainder when d(1) is divided by 19.
17
Let g be (-1)/2*(0 + 2). Let j = g - -7. Calculate the remainder when 8 is divided by 2*(0 + j/4).
2
Suppose 48 = -d + 3*d. Suppose 5*b = -d + 89. Suppose -2*k - k = -3*x + 63, k = 5*x - 121. What is the remainder when x is divided by b?
12
Let b be -1 - -1*48/3. Suppose -4*l - l = b. Calculate the remainder when ((-22)/(-4))/(l/(-6)) is divided by 4.
3
Let x = 12 - 5. Let r = x + -5. Suppose 35 = 4*y - r*n - 31, n = -3*y + 37. Calculate the remainder when 39 is divided by y.
11
Suppose 20 = s + 4*s. What is the remainder when s is divided by (-36)/(-6) - (1 - -2)?
1
Calculate the remainder when 72 is divided by ((-19)/(-2))/(14/28).
15
Let a = -29 - -42. Let b(z) = -z**3 + 4*z**2 + 12*z + 7. Calculate the remainder when a is divided by b(6).
6
Suppose m + 4*u = -2*m + 128, 5*u = 2*m - 47. Suppose -3*c - 2*s - 3*s + 67 = 0, 3*c = 4*s + 49. Calculate the remainder when m is divided by c.
17
Suppose h - 3*c = -c + 7, 4*h = -3*c + 17. Suppose -4*i + 19 = -g - 2*g, 5*i = h. Calculate the remainder when 24 is divided by 0 + g/((-10)/18).
6
Let g = -1 - -31. What is the remainder when g is divided by 11?
8
Let b(f) = -f + 6. Let t be b(5). Let n = 28 - 15. Calculate the remainder when n is divided by (-22)/(-4) + t/(-2).
3
Calculate the remainder when ((-20)/(-30))/((-4)/(-270)) is divided by 23.
22
Let d(u) = -u**3 - 19*u**2 - 22*u + 6. Calculate the remainder when d(-18) is divided by 27.
24
Let u = -8 - -7. What is the remainder when (26 - u) + (3 - 3) is divided by 7?
6
What is the remainder when -8*(2 - (-31)/(-4)) is divided by 12?
10
Let z = 9 + -1. What is the remainder when z is divided by 5?
3
Suppose -2*k + 4*x = -k + 1, -3*k + 23 = x. Calculate the remainder when -3 + -2 + 35 - 3 is divided by k.
6
Calculate the remainder when (-224)/(-24) + 2/(-6) is divided by 4.
1
Let t(s) = 10*s**2 - 2*s + 2. Let p be t(2). Let l = -11 + p. Calculate the remainder when l is divided by 10.
7
Suppose 0 = -5*a + 2*b + 148, -4*b = 4*a - 171 + 47. Calculate the remainder when a is divided by 16.
14
Calculate the remainder when 77 is divided by (2 - 28/(-6))*(-2 + 5).
17
Let j(t) = -2*t + 7. Let n = 3 + -7. Let c(u) = -u + 7. Let q(l) = n*j(l) + 3*c(l). Calculate the remainder when q(8) is divided by 17.
16
Suppose -4*d + 2 = 10. Let y be (101/3)/(d/(-6)). Let z = y - 39. Calculate the remainder when z is divided by 21.
20
Suppose -f + 2*j = -10, -5*f + 2*j + 80 = 22. Calculate the remainder when f is divided by 5.
2
Let q = -123 - -55. Let g = q + 126. What is the remainder when g is divided by 30?
28
Let l = 20 + -9. Suppose c + l = u - 0*u, c + 41 = 4*u. Let t = 22 + -3. Calculate the remainder when t is divided by u.
9
Suppose 0 = -5*q + 2*o + 208, -5*q + 2*q - 5*o = -100. What is the remainder when q is divided by 22?
18
Let i = 41 + -25. Suppose -2*y + 2*s = -120, -2*y + 7*s + 114 = 2*s. Calculate the remainder when y is divided by i.
14
Suppose 2*w - 5*x + 7 = 0, 2*w - 3 = -x + 4*x. Let u = -6 + 0. Let b = w - u. Calculate the remainder when b is divided by 8.
7
Suppose -2*z = 4*b + z - 63, 3*b = 4*z + 41. Let d = b + -8. Let l = 506 - 494. Calculate the remainder when l is divided by d.
5
Let y(a) = a**2 - 9*a + 6. Let p be y(9). Let h = p + -2. Suppose 3*v = -5*z + 27, -h*v + 5*z + 3 = -33. Calculate the remainder when 26 is divided by v.
8
Let z(w) = -w**3 - 4*w**2 + 2*w - 3. Calculate the remainder when z(-5) is divided by 3.
0
Let d(s) = -s**2 - 9*s + 5. Calculate the remainder when ((-38)/(-3))/((-3)/(-9)) is divided by d(-8).
12
Let q = -4 + 15. Suppose -37 - 3 = -10*o. Calculate the remainder when q is divided by o.
3
Suppose -3*v - 42 = -3*i, -2*v + 1 = i - 7. What is the remainder when 34 is divided by i?
10
Let i(h) = h**2 - 7*h - 1. Let r be i(6). Let t = -4 - r. What is the remainder when 7 is divided by t?
1
Let k(l) = 2*l + 4. Let p be k(2). Suppose -5*q - 369 = -p*q. What is the remainder when q is divided by 31?
30
Suppose 153 = 3*d - 84. Let s = d - 56. What is the remainder when s is divided by 13?
10
Suppose 0 = 8*o - 12*o + 212. Let d(l) = 6*l. What is the remainder when o is divided by d(3)?
17
Suppose -28*w - 9 = -31*w. Suppose 2*c + 9 = -w*i + 77, -c = 4*i - 84. What is the remainder when 79 is divided by i?
19
Let u(c) = c**3 - 13*c**2 + 16*c - 13. What is the remainder when u(12) is divided by 12?
11
Suppose 0 = -5*b - 4*x + 398, -2*b = -x - 25 - 129. Calculate the remainder when b is divided by 20.
18
Let i(o) = o**2 - 13*o + 54. Calculate the remainder when i(13) is divided by 14.
12
Let t = 22 - 35. Let k = t - -23. Calculate the remainder when (-36)/(-8)*k/3 is divided by 8.
7
Let q(w) = 2*w**3 - 5*w**2 - 3*w - 3. What is the remainder when q(4) is divided by 20?
13
Let j(v) = -v**3 - v**2 + 3*v. Let b = 24 + 35. Suppose b = 3*x + 11. What is the remainder when x is di